0/(-50). Let n(d) = -2*d**3 - 3*d**2 + 10*d + 2. What is the tens digit of n(s)?
4
Suppose -815 = -5*b + 880. What is the units digit of b?
9
Suppose -49*d + 181*d = 46992. What is the units digit of d?
6
Let q(m) = 20*m**2 + 54*m - 122. What is the hundreds digit of q(13)?
9
Let y(d) = -4*d**2 + d + 1. Let j be y(-5). Let h be (j/(-24))/((-1)/(-3)). Suppose h*q - 17*q = -200. What is the units digit of q?
0
Let v be 0 + 8/4 + 2 + -3. What is the tens digit of v + 3 - -8*19?
5
What is the hundreds digit of -4*(-9)/84 + 19138/49?
3
Suppose 3*c + 224 = 2*m, -c = 3 - 7. Suppose -116*k + m*k - 28 = 0. What is the units digit of k?
4
Suppose -996 = -2*a + 2*v, 4*a - 5*v + 0*v - 1990 = 0. What is the hundreds digit of a?
5
Suppose 0 = -5*k - 8*p + 3*p - 10, -2 = -3*k - p. What is the tens digit of ((-611)/26)/((-1)/k)?
4
Let d(y) = 1. Let n(k) = 2*k - 12. Let f(z) = -4*d(z) + n(z). Let p be f(12). Let u = p - -2. What is the units digit of u?
0
Suppose 8*n = 3*n + r + 7688, 5*n - 7670 = -5*r. What is the hundreds digit of n?
5
What is the units digit of (-10)/(-4)*((-1594)/(-10) + -5)?
6
Suppose -3*s + s + 406 = 0. What is the tens digit of s?
0
Let c = -37 + 39. Suppose -3*m + 5*i + 71 = 0, 4*m + 41 - 127 = -c*i. What is the tens digit of m?
2
Suppose 8*a + 282 = 2*a. Let j = 19 - a. What is the tens digit of j?
6
Suppose -19 = a - o - 4, -5*a - 2*o = 82. Let j = 26 + a. What is the units digit of -1 + j/(-2 - -3)?
9
Let p(w) = 3*w**3 - 5*w**2 + w. Let u be p(5). Suppose -2*i = -4*t - t - 157, -u = -3*i + t. What is the units digit of i?
6
Let l(a) = -4 - 2 - 8 + 6*a. What is the units digit of l(6)?
2
Let b(o) = -214*o - 20. What is the tens digit of b(-2)?
0
Let l be 0 + (-5)/((-5)/(-6)). Let t be (0*3/l)/2. Let x(h) = h**3 + h**2 + 10. What is the tens digit of x(t)?
1
Suppose -3*c + 12 = 0, -2*i + 2570 = -5*c - 0*c. What is the thousands digit of i?
1
What is the tens digit of ((-5375)/(-20))/((-1)/(-4))?
7
Let i = 486 + -239. What is the units digit of i?
7
Suppose 0 = 2*l - x - 762, 0 = -3*l + 5*l + 5*x - 774. What is the hundreds digit of l?
3
Let j be 2 - (1/(-1) + 10). Let x be 3/(-2 - -1) + j. What is the units digit of (-135)/x*8/6?
8
What is the tens digit of ((-45)/(-9) - 134)*-11?
1
Let s(j) = -j**2 - j + 5. Let y be s(0). Suppose -y*q + 22 = -28. What is the units digit of q?
0
Let u = -18 + 15. Let d = u - -40. Suppose d = -4*z + 89. What is the tens digit of z?
1
Let q(b) = -25*b. Let c be q(-1). Let a = -19 + c. Suppose -4*j + a*j - 48 = 0. What is the units digit of j?
4
Let i(r) be the third derivative of 5*r**4/12 + 5*r**3/3 + 11*r**2. Let q be i(3). Suppose -l - 2 + q = 0. What is the tens digit of l?
3
Let j = 1094 - 754. What is the tens digit of j?
4
Suppose -20 = o - 6*o. Let y = o - -1. Suppose 0 = 4*v - 3*n - 130, v - y*n - 58 = -v. What is the tens digit of v?
3
Let k(m) = 2*m**2 + 21*m + 37. What is the units digit of k(-9)?
0
What is the thousands digit of (65/(-20) + 4)*2892?
2
Let v(k) = 3*k - k**2 - 3 + 5 + 4*k. Let w be v(6). What is the units digit of w/(1 + 0) + 0?
8
Let t be (-204)/(-54) + (-2)/(-9). Let d(u) = 12*u - 1. Let s be d(t). Suppose 0 = 4*n - 3*m - s, m = 5*n - n - 37. What is the units digit of n?
8
Suppose 13*a + 12 = 10*a. What is the tens digit of (-42)/(45/(-10) - a)?
8
Suppose -7*n = -8*n + 3. Let k(g) = -5 + 16 + 2*g**2 + 7*g - n*g**2. What is the tens digit of k(7)?
1
Let s = -22 - -226. Let m = -102 + s. What is the hundreds digit of m?
1
Suppose 2*o - 4*o - 2 = 0. Let d be (o + -1 - -7) + 0. Let x(l) = 5*l - 5. What is the units digit of x(d)?
0
Suppose -f - 16 = -w + 5*w, 3*f + 3*w = -39. What is the units digit of 5 + (3 - f/(-4))?
5
Let p(j) = -26*j - 7. Let i be p(-3). Suppose -i = -t + 4*d + 14, 5*t = -5*d + 450. What is the tens digit of t?
8
Let h = -816 + 1913. What is the units digit of h?
7
Let a(o) = -31*o**3 - 24*o + 24*o. Let k be a(-1). Suppose 3*c - 2*c - k = -5*x, 5*c - 67 = -3*x. What is the units digit of c?
1
Let i(u) = 112*u**3 + 3*u**2 - u - 2. What is the tens digit of i(2)?
0
Let r(j) = 3*j**2 + j - 5. Let d be r(4). Suppose 39 = 2*v + 3*u, -19 = -3*v - u + 43. Let k = d - v. What is the units digit of k?
6
Suppose -19*a + 4636 = -17423. What is the units digit of a?
1
Let r = 412 - -1203. What is the thousands digit of r?
1
Suppose 4*v + 2225 + 135 = w, -2*w = 3*v - 4742. What is the thousands digit of w?
2
What is the thousands digit of 1*-68*(-413)/28?
1
What is the tens digit of (-13)/(39/74)*-138?
0
Let c(p) = p**2 - 1. Let f be c(-1). Let j be f/((-3 - -5) + -4). Suppose -d - 3*m - 4 = j, 4*d - m - 36 = -0*m. What is the units digit of d?
8
Let p be 10/(-25) - 141/(-15). Let i = 13 - p. Suppose 6*a - 12 = i*a. What is the units digit of a?
6
Let q(m) = -m**3 + m**2 + 2*m - 2. Let b be q(-7). Let d = b + -39. What is the tens digit of d?
3
Let o = -615 + 1803. What is the units digit of o?
8
Suppose m - 5*n = -106, -2*m - m - 5*n - 238 = 0. Suppose -5*i - 2*p + 94 - 325 = 0, -86 = 2*i + 4*p. Let r = i - m. What is the tens digit of r?
3
Suppose 3*w = -0*w - 153. Let y = 29 + w. What is the tens digit of -3 + 3 + y/(-1)?
2
Suppose -7786 = -11*r + 15688. What is the hundreds digit of r?
1
Let x(a) = -a + 6. Let o be x(8). Let j(w) = -2*w**3 - 2*w**2 + 2*w + 3. Let y be j(o). Suppose -y*r + 147 = -0*r. What is the units digit of r?
1
What is the hundreds digit of ((-112)/(-42) - 1) + 18776/6?
1
Let o(n) = 10*n + 1 + n**2 - 5 - 5. Suppose 9*v - 20 + 137 = 0. What is the units digit of o(v)?
0
Let k(v) = v**3 + 31*v**2 + 26*v + 123. What is the thousands digit of k(-24)?
3
Suppose -12*i - i = -208. Suppose 11*v - i*v = -900. What is the units digit of v?
0
Let f = -11 + 15. Suppose -4*y = f*t - 116, -4*t + 3*y + 57 = -t. Suppose 5*x - t = q + q, 0 = 3*x - 2*q - 16. What is the units digit of x?
4
Suppose -z - z - 26 = 2*b, 4*b - 2 = 2*z. Let i = 73 + -64. Let l = i - z. What is the units digit of l?
8
Let u be 2/3 - 8820/(-54). Suppose -2*z = -3*m - u, -3*m - 2*m + 56 = z. What is the tens digit of z?
7
Let s(n) be the second derivative of -n**5/20 - 5*n**4/12 + 10*n. Let d be s(-4). Let a = d + 86. What is the tens digit of a?
7
Let c = -267 - -844. What is the hundreds digit of c?
5
Suppose -8*y = 312 - 1160. What is the tens digit of y?
0
Let z(l) = 194*l**2 + 2. Let w = -42 - -43. What is the units digit of z(w)?
6
Suppose 4*w = -3*y + 1924, 3*y + 481 = -57*w + 58*w. What is the hundreds digit of w?
4
Let x(b) = -132*b - 842. What is the hundreds digit of x(-49)?
6
Suppose -3*c - 5*k - 1122 = 0, c - 3*c - 729 = -3*k. Let n = -257 - c. What is the hundreds digit of n?
1
Let j be (-36)/(-10) - (-18)/(-30). Let c(v) = -13*v**2 + v**3 + 12 + 21*v**2 - j + 6*v. What is the units digit of c(-7)?
6
Let v(c) = -c + 17. Let w be v(13). Suppose 0 = 4*l - 20, 5*p + w*l - 1485 + 265 = 0. What is the hundreds digit of p?
2
Let r(d) = -4*d**3 - d**2 + 2*d + 3. Let u be r(-1). What is the hundreds digit of u/3*780/10?
1
Let b be (-2 + 3)*(-23 + -4). Let q = b - -44. What is the tens digit of q?
1
Suppose -127*x = -136*x - 72. Let u(w) be the third derivative of -w**4/4 - 5*w**3/3 + w**2. What is the tens digit of u(x)?
3
Let r = -7 - -4. Let j = 58 - 35. Let q = j + r. What is the tens digit of q?
2
Let k = -602 - -1370. What is the hundreds digit of k?
7
Suppose -56511 = -0*d - 13*d. What is the hundreds digit of d?
3
Let v(c) = -3*c - 11. Let x(p) = -2*p + 22. Let f be x(13). What is the units digit of v(f)?
1
Let z = -1 - -1. Suppose z = -2*n - 3*n + 20. Suppose 3*l - n = 2. What is the units digit of l?
2
Suppose 28 = -0*a + 4*a. Suppose -p + 3*z = -a, 6*p - 2*p = -3*z + 43. What is the tens digit of p?
1
Let y(d) = -113*d + 4. Let o be y(-2). Suppose -4*r - o = -642. What is the hundreds digit of r?
1
Suppose -13*r = -17*r + 15776. What is the hundreds digit of r?
9
Suppose -50967 = -14*n - 12789. What is the tens digit of n?
2
Suppose -2*r = -4*i - 3143 + 277, -7147 = -5*r + 4*i. What is the tens digit of r?
2
Suppose 5*u - 4*c = 21, -2*c + 22 = u + 3*u. Let r(i) = i**3 - 3*i**2 + 6*i - 8. What is the units digit of r(u)?
2
Let r(n) = -920*n**3 + 1. What is the hundreds digit of r(-1)?
9
Let m = 322 + -162. Suppose 2*r = 0, 3*r = o + 2*r - m. What is the tens digit of